?
False
Is 188 a multiple of 2?
True
Is 1302 a multiple of 31?
True
Is 6627 a multiple of 3?
True
Does 91 divide 1710?
False
Is 6 a factor of 709?
False
Is 34 a factor of 73162?
False
Does 2 divide 106?
True
Is 81 a factor of 832?
False
Is 3802 a multiple of 12?
False
Does 92 divide 920?
True
Is 197440 a multiple of 10?
True
Does 10 divide 449?
False
Does 23 divide 13846?
True
Does 66 divide 25872?
True
Does 52 divide 1508?
True
Is 30 a multiple of 6?
True
Does 48 divide 1584?
True
Is 10792 a multiple of 19?
True
Is 2 a factor of 146?
True
Does 5 divide 5609?
False
Does 18 divide 108?
True
Is 78 a factor of 106002?
True
Is 1613 a multiple of 65?
False
Is 20 a factor of 5620?
True
Is 3 a factor of 102?
True
Is 9 a factor of 5022?
True
Does 26 divide 1533?
False
Does 32 divide 4650?
False
Does 11 divide 506?
True
Does 11 divide 3179?
True
Is 3182 a multiple of 27?
False
Is 5 a factor of 3490?
True
Does 7 divide 259?
True
Is 180 a factor of 12237?
False
Is 1216 a multiple of 76?
True
Is 9 a factor of 2407?
False
Is 6140 a multiple of 20?
True
Is 350 a multiple of 14?
True
Does 67 divide 5025?
True
Does 15 divide 7005?
True
Is 3 a factor of 9?
True
Does 45 divide 14543?
False
Does 11 divide 35145?
True
Is 4698 a multiple of 29?
True
Does 9 divide 6426?
True
Is 38 a factor of 728?
False
Is 5580 a multiple of 6?
True
Is 102 a factor of 102?
True
Is 7429 a multiple of 12?
False
Is 21750 a multiple of 174?
True
Does 22 divide 3454?
True
Is 234 a multiple of 27?
False
Does 7 divide 1064?
True
Is 15 a factor of 1403?
False
Does 14 divide 7994?
True
Is 8094 a multiple of 6?
True
Does 73 divide 20294?
True
Is 3287 a multiple of 19?
True
Is 1064 a multiple of 15?
False
Is 226 a multiple of 134?
False
Does 55 divide 76936?
False
Is 123 a factor of 369?
True
Is 13 a factor of 15226?
False
Does 2 divide 858?
True
Is 43 a factor of 3191?
False
Is 11 a factor of 1639?
True
Is 3624 a multiple of 2?
True
Is 105 a factor of 14175?
True
Does 117 divide 16029?
True
Is 7 a factor of 252?
True
Is 132 a factor of 23760?
True
Is 727 a multiple of 16?
False
Is 32 a factor of 1024?
True
Does 9 divide 1206?
True
Is 6483 a multiple of 136?
False
Does 29 divide 24244?
True
Does 91 divide 5278?
True
Does 143 divide 38753?
True
Does 13 divide 143?
True
Does 45 divide 474?
False
Does 6 divide 5238?
True
Is 307 a multiple of 14?
False
Is 132350 a multiple of 50?
True
Is 11671 a multiple of 66?
False
Is 165 a multiple of 33?
True
Does 12 divide 540?
True
Does 11 divide 5170?
True
Does 9 divide 223?
False
Does 20 divide 25100?
True
Does 21 divide 192?
False
Is 8546 a multiple of 13?
False
Does 88 divide 12447?
False
Is 11625 a multiple of 31?
True
Is 2370 a multiple of 73?
False
Is 18 a factor of 12816?
True
Is 636 a multiple of 9?
False
Is 20 a factor of 1389?
False
Is 1377 a multiple of 27?
True
Is 309 a factor of 8896?
False
Is 17108 a multiple of 47?
True
Does 49 divide 196?
True
Is 20 a factor of 80?
True
Is 221 a factor of 69883?
False
Is 16089 a multiple of 113?
False
Is 15 a factor of 2450?
False
Is 7 a factor of 5170?
False
Is 15058 a multiple of 25?
False
Is 5 a factor of 4071?
False
Does 20 divide 1800?
True
Is 9070 a multiple of 10?
True
Is 22 a factor of 1408?
True
Is 68 a factor of 354?
False
Is 10 a factor of 2864?
False
Is 1234 a multiple of 4?
False
Is 169 a factor of 99879?
True
Does 3 divide 129?
True
Is 105 a multiple of 17?
False
Is 24 a factor of 68640?
True
Is 3605 a multiple of 7?
True
Is 12265 a multiple of 91?
False
Is 30 a factor of 7110?
True
Does 17 divide 127?
False
Is 3796 a multiple of 13?
True
Is 20303 a multiple of 14?
False
Is 667 a multiple of 23?
True
Is 14532 a multiple of 28?
True
Does 3 divide 8831?
False
Does 41 divide 25133?
True
Is 219 a factor of 23871?
True
Does 147 divide 10290?
True
Does 69 divide 2086?
False
Is 48 a multiple of 6?
True
Is 6 a factor of 1632?
True
Is 20 a factor of 1798?
False
Does 2 divide 2068?
True
Is 4026 a multiple of 61?
True
Is 1488 a multiple of 93?
True
Is 2857 a multiple of 28?
False
Does 10 divide 430?
True
Is 10 a factor of 430?
True
Does 23 divide 1127?
True
Is 131 a factor of 7465?
False
Is 44 a factor of 1029?
False
Is 233 a multiple of 3?
False
Does 29 divide 26303?
True
Does 34 divide 81?
False
Is 735 a multiple of 7?
True
Does 26 divide 82690?
False
Does 37 divide 17180?
False
Is 50274 a multiple of 63?
True
Does 26 divide 48180?
False
Does 6 divide 1583?
False
Does 19 divide 577?
False
Is 2312 a multiple of 3?
False
Is 1794 a multiple of 98?
False
Is 90 even?
True
Does 6 divide 2097?
False
Is 3066 a multiple of 14?
True
Is 23 a factor of 31809?
True
Is 18 a factor of 103398?
False
Is 2280 a multiple of 95?
True
Does 8 divide 33068?
False
Does 64 divide 11048?
False
Is 14 a factor of 2621?
False
Does 12 divide 10188?
True
Is 64203 a multiple of 210?
False
Does 8 divide 144?
True
Is 2 a factor of 2193?
False
Does 12 divide 11078?
False
Is 60 a factor of 56160?
True
Is 7432 a multiple of 21?
False
Is 24 a factor of 2797?
False
Is 650 a multiple of 5?
True
Does 17 divide 7650?
True
Is 2299 a multiple of 11?
True
Is 45 a factor of 945?
True
Is 4296 a multiple of 8?
True
Does 49 divide 2793?
True
Does 61 divide 11651?
True
Is 5376 a multiple of 84?
True
Is 23851 a multiple of 111?
False
Is 100 a factor of 9100?
True
Is 1128 a multiple of 12?
True
Is 138 a factor of 4692?
True
Is 23985 a multiple of 205?
True
Does 39 divide 201?
False
Is 1990 a multiple of 10?
True
Is 53 a factor of 8480?
True
Is 8714 a multiple of 175?
False
Does 168 divide 22744?
False
Is 11 a factor of 2955?
False
Is 3420 a multiple of 111?
False
Is 9 a factor of 64206?
True
Is 63769 a multiple of 12?
False
Does 32 divide 1054?
False
Does 4 divide 76?
True
Does 13 divide 2340?
True
Is 7924 a multiple of 55?
False
Is 54 a factor of 1030?
False
Is 14011 a multiple of 20?
False
Is 42 a multiple of 4?
False
Is 10 a factor of 116?
False
Is 714 a multiple of 13?
False
Is 204 a factor of 24887?
False
Is 32 a factor of 5888?
True
Is 900 a multiple of 90?
True
Does 12 divide 2804?
False
Does 7 divide 177?
False
Does 5 divide 13427?
False
Is 171 a multiple of 8?
False
Does 20 divide 5180?
True
Is 22 even?
True
Is 8622 a multiple of 18?
True
Is 20 a factor of 1572?
False
Does 36 divide 59799?
False
Does 3 divide 5068?
False
Is 28 a factor of 1876?
True
Does 43 divide 172?
True
Is 720 a multiple of 9?
True
Does 7 divide 1351?
True
Is 19 a factor of 1710?
True
Does 24 divide 2328?
True
Does 230 divide 31510?
True
Does 24 divide 2331?
False
Does 34 divide 408?
True
Does 297 divide 20790?
True
Is 253 a multiple of 11?
True
Is 26 a multiple of 26?
True
Is 62 a factor of 3658?
True
Is 34 a factor of 60890?
False
Does 41 divide 615?
True
Is 10 a factor of 2080?
True
Does 39 divide 9867?
True
Is 92235 a multiple of 13?
True
Is 53 a factor of 6239?
False
Is 10 a factor of 2140?
True
Is 16 a factor of 99?
False
Is 81 a factor of 20164?
False
Is 360 a multiple of 3?
True
Does 144 divide 6192?
True
Is 87 a factor of 9483?
True
Is 278 a multiple of 37?
False
Is 11 a factor of 1243?
True
Is 35960 a multiple of 62?
True
Is 41 a factor of 1205?
False
Does 24 divide 840?
True
Does 46 divide 2493?
False
Does 2 divide 2557?
False
Is 20099 a multiple of 223?
False
Is 621 a multiple of 17?
False
Does 23 divide 1104?
True
Is 143 a factor of 56342?
True
Is 7 a factor of 38941?
True
Is 71368 a multiple of 88?
True
Is 53 a factor of 7791?
True
Is 16971 a multiple of 114?
False
Is 114 a multiple of 10?
False
Is 14 a factor of 4092?
False
Does 45 divide 11970?
True
Is 3 a factor of 1227?
True
Is 303 a factor of 59388?
True
Is 57 a factor of 23940?
True
Is 4 a factor of 316?
True
Does 5 divide 22150?
True
Is 68 a multiple of 6?
False
Is 15 a factor of 15375?
True
Does 20 divide 2520?
True
Is 1039 a multiple of 16?
False
Does 24 divide 27536?
False
Does 12 divide 58132?
False
Is 21172 a multiple of 8?
False
Is 64 a factor of 13440?
True
Does 12 divide 488?
False
Is 8079 a multiple of 96?
False
Is 416 a multiple of 16?
True
Does 11 divide 16621?
True
Does 9 divide 10890?
True
Is 25 a factor of 325?
True
Is 1225 a multiple of 49?
True
Does 15 divide 591?
False
Is 900 a multiple of 28?
False
Does 63 divide 2520?
True
Does 6 divide 180?
True
Does 14 divide 994?
True
Is 91 a 